divisor of l and x?
15
Let h = 232 - 162. Let f(c) = -2*c**2 - 84*c + 480. Let g be f(5). Calculate the greatest common factor of h and g.
10
Let i be 19/133 + 82/14. What is the highest common divisor of i and 93?
3
Suppose -5*l - 13 = -283. Suppose 0 = -3*h + l - 12. What is the highest common divisor of 21 and h?
7
Let r = -27 - -18. Let k(o) be the third derivative of o**5/60 + o**4/6 - 5*o**3/6 + o**2. Let q be k(r). What is the greatest common factor of q and 100?
20
Suppose -4*q = 4*g - 6*q - 54, 2*g + q - 33 = 0. Suppose 145 = 2*v - d, 3*d + 0 = -g. Let h = -7 + 35. What is the greatest common factor of h and v?
14
Suppose 126 = 56*z - 50*z. Calculate the highest common divisor of 12 and z.
3
Let i(y) = y + 4. Let n be i(-5). Let q = 3 + n. Suppose q*l = 3*l - 20. Calculate the greatest common factor of l and 50.
10
Let v be (-6 + 3 - 0) + 211. Calculate the highest common factor of v and 52.
52
Let c be (9*-1)/((-1)/2). Let r be -12 + (-3 - (-9 - -1) - 5). Let l = r + c. Calculate the highest common divisor of 6 and l.
6
Let j(a) = -39*a + 99. Let y be j(-12). What is the greatest common factor of 21 and y?
21
Suppose 0 = 27*m - 24*m - 690. What is the highest common factor of 92 and m?
46
Let n(z) be the first derivative of -z**2/2 - 5*z + 4. Let d be n(-5). Suppose w - 6*w + 5 = d. Calculate the greatest common divisor of w and 7.
1
Let g be (2/1)/((-3)/(-24)). What is the greatest common divisor of 592 and g?
16
Let o(r) = -r + 14. Let l be o(15). Let w be (-12)/(-8)*l*70. Let f = 159 + w. Calculate the highest common divisor of 36 and f.
18
Let w be (-36)/(-24) + (-185)/(-2). What is the greatest common divisor of 47 and w?
47
Let o(m) = 4*m + 50. Let i be o(0). Suppose g - 2*z = 12, -i = -3*g - 3*z - 14. Calculate the highest common factor of 12 and g.
12
Suppose 51 - 39 = 4*r. Suppose 0 = -2*n + r*n - 96. What is the greatest common factor of n and 64?
32
Let z be 15/(-3) + 7 + 8. What is the greatest common divisor of z and 355?
5
Let b = -370 + 646. Calculate the highest common factor of b and 4.
4
Let s = -4 - -4. Suppose 2*p - 16 = -5*o, 3*p + s*p + 1 = 5*o. Let y = o + 0. What is the highest common divisor of 14 and y?
2
Let x = 94 + -95. Let y be 2/10 - ((-297)/(-15))/x. What is the greatest common factor of y and 180?
20
Let g(o) = -9*o**2 - 11*o + 18. Let h be g(-10). Let v be h/(-16) - 3/12. What is the highest common divisor of 6 and v?
6
Suppose 24*n - 519 - 489 = 0. What is the highest common divisor of n and 12?
6
Let a be (22/33)/((-4)/(-42)). Suppose -4*g + 0*f = 3*f - a, -5*g + 4*f - 30 = 0. Let w = g - -4. Calculate the greatest common factor of 14 and w.
2
Suppose -4*j = -3*j - 24. Let q = 44 - j. Suppose -5*z = -2*z - 12. Calculate the highest common divisor of z and q.
4
Let t(s) = -s + 9. Let a be t(6). Suppose 5*y + 42 = 2*i + y, 12 = a*y. What is the highest common factor of 261 and i?
29
Suppose -i = 8 + 1. Let h(x) = x**3 + 9*x**2 - x - 4. Let t be h(i). Suppose 3*w - t*w = -64. Calculate the greatest common divisor of w and 8.
8
Suppose -2*n + 27 = 5*s, -3*s - 4*n - 9 = -2*s. Let r(t) = 11*t + 1. Let c be r(-1). Let f be (13 + 1)*(-5)/c. Calculate the highest common factor of f and s.
7
Let n = -15 - -31. Let v be 40*(42/(-15))/(-7). Calculate the highest common divisor of n and v.
16
Let f(s) = -s**2 + 3*s + 5. Let q be f(0). Suppose -5*u + 3*j + 263 = 0, -q*j = 4*u - 2*u - 130. What is the highest common factor of 10 and u?
5
Suppose 0 = -7*c + 1192 - 1164. What is the highest common divisor of c and 468?
4
Suppose -g + 868 = 2*q, 0 = -4*q + g + 2233 - 509. Calculate the highest common factor of q and 9.
9
Let p = -1337 - -1458. Calculate the greatest common factor of 11 and p.
11
Suppose -120 = -2*y + 94. Suppose 0 = 4*c + y - 431. Let r = 159 - 105. What is the highest common divisor of r and c?
27
Suppose -3*s + 4*r = -971, 2*r - 2 = -0*r. Calculate the highest common factor of 260 and s.
65
Let w be 17/(5 + (-48)/10)*9. What is the highest common divisor of w and 45?
45
Let c(s) = -801*s - 194. Let n be c(-2). Calculate the highest common divisor of n and 64.
64
Let s be 2*-1 - -1 - -151. Let r be ((-2)/(-2) - -4)/((-5)/(-15)). Calculate the greatest common divisor of s and r.
15
Let s(u) = -2*u - 9. Let t(n) = -n. Let m(f) = -s(f) + 3*t(f). Let l be m(7). Suppose 7*v - l*v = 630. What is the highest common factor of 14 and v?
14
Let w be (0*(-4)/(-8))/1. Suppose -11*f + 2*f + 1116 = w. What is the greatest common factor of f and 31?
31
Suppose -d = -5*r + 44, -r - 2*d + 2 = -9. Calculate the greatest common divisor of 2 and r.
1
Let y(p) = -p**3 - 30*p**2 + 65*p + 53. Let u be y(-32). What is the highest common factor of u and 1029?
21
Let i(k) = 108*k**2 - 9*k - 6. Let h be i(-1). Calculate the greatest common factor of 259 and h.
37
Let q be (-4)/20 + (-1)/((-20)/(-136)). Let m = q - -21. What is the greatest common divisor of 2 and m?
2
Let a be 24/120 - (-41)/(-5). Let x(z) = -z - 5. Let r be x(a). What is the greatest common factor of 33 and r?
3
Let p = -37 - -67. Suppose -4*l - z - 44 - 16 = 0, 5*l = -5*z - 75. Let b be 40/l*(-18)/8. Calculate the highest common divisor of p and b.
6
Let b be ((-36)/14)/((-4)/140). Calculate the greatest common divisor of b and 135.
45
Suppose 13*c - 1318 = 34. What is the greatest common divisor of 112 and c?
8
Let l(o) be the third derivative of o**4/8 - o**3/6 + 3*o**2. Let n be l(-4). Let u = 26 + n. Calculate the highest common factor of u and 65.
13
Let p = 32 - 15. Calculate the greatest common divisor of p and 17.
17
Let f = 33 + -15. Suppose 4*x - 256 = -4*q, 4*q - 348 = 3*x - 92. Let y = 76 - q. What is the greatest common factor of f and y?
6
Let y = -520 + 529. Calculate the highest common factor of 66 and y.
3
Let f be (-1620)/(-35) - 4/14. Let s = f - 28. Suppose -5*p = n - 4*p - s, 3*n = 5*p + 86. What is the greatest common divisor of 242 and n?
22
Suppose -g - 10*t = -12*t - 136, 0 = 4*t - 16. Calculate the greatest common divisor of 18 and g.
18
Let p(o) = o + 10. Let h(z) = z**3 + 6*z**2 + 5*z - 7. Let n = -9 + 4. Let x be h(n). Let c be p(x). Calculate the highest common factor of 33 and c.
3
Suppose -15*p + 14*p = -15. Calculate the greatest common divisor of p and 6.
3
Let u(t) = t**3 + 6*t**2 - 17*t - 10. Let k be u(-8). Suppose 72 = -3*a + 3. Let d be (19 + a)/(1/k). Calculate the highest common divisor of 24 and d.
8
Let w be ((-22)/(-6))/(4/12). Suppose w + 5 = 4*t. What is the greatest common factor of 32 and t?
4
Let g be -2 + -22*(-4)/8. Suppose z - g - 24 = 0. Let r be 44/(8/(-6) + 2). What is the highest common factor of z and r?
33
Let n = -2447 - -5915. What is the highest common factor of n and 17?
17
Let z = 342 + -182. Calculate the greatest common divisor of 30 and z.
10
Suppose -7*p - 48 = -5*p - 2*y, -15 = -5*y. Let c = p - -35. Calculate the highest common factor of 14 and c.
14
Let q(p) = p - 2. Let i be q(1). Suppose -37 + 31 = -2*l. Let g be i/(52/18 - l). Calculate the greatest common factor of 72 and g.
9
Suppose 3*v - x + 93 + 0 = 0, 5*x = -5*v - 175. Let a be (-7)/((-21)/(-9)) + -3. Let m be (3/2)/(a/v). What is the greatest common divisor of 12 and m?
4
Suppose 29 + 5 = 17*o. Let c(h) = -4*h - 8. Let d be c(-6). Calculate the highest common factor of o and d.
2
Let i be ((-8)/10)/(7 + (-4179)/595). What is the highest common factor of 306 and i?
34
Let u(p) = p**2 + 8*p + 19. Suppose 0 = 3*d + 3*t + 24, t - 1 = -2. Let v be u(d). Calculate the greatest common divisor of 48 and v.
12
Suppose 17 = 4*i + 3*j, 9*j = -3*i + 6*j + 12. Let l be ((-14)/i)/((-3)/((-15)/(-2))). What is the greatest common factor of l and 49?
7
Suppose 10*f - 4*f = 54. Let p be f/(((-75)/10)/(-5)). Suppose p*w = 8*w - 234. Calculate the greatest common divisor of w and 13.
13
Let u be (1 - (-93)/(-21))/(28/(-294)). What is the greatest common factor of u and 84?
12
Suppose -36 = -12*m + 3*m. Let w = 10 - m. Calculate the greatest common divisor of 6 and w.
6
Suppose 3*l + 1 = 4*x, -4*l + 5*l + 7 = -2*x. Let m be ((-28)/(-35))/(x/(-15)). Calculate the highest common factor of 6 and m.
6
Let a(d) = 4*d**2 + 184*d + 888. Let m be a(-5). Calculate the highest common factor of m and 85.
17
Let q(a) = -8 + 4*a**2 + 0*a**2 + 3*a**2 + a**3